emainder when 52854 is divided by 38?
34
Calculate the remainder when 8391 is divided by 108.
75
Calculate the remainder when 1910 is divided by 77.
62
What is the remainder when 2548 is divided by 251?
38
What is the remainder when 24118 is divided by 20?
18
What is the remainder when 5863 is divided by 324?
31
Calculate the remainder when 16145 is divided by 15.
5
What is the remainder when 619 is divided by 26?
21
What is the remainder when 44363 is divided by 135?
83
Calculate the remainder when 101682 is divided by 35.
7
What is the remainder when 183398 is divided by 444?
26
Calculate the remainder when 10378 is divided by 2591.
14
What is the remainder when 3404 is divided by 513?
326
Calculate the remainder when 1239 is divided by 588.
63
What is the remainder when 55029 is divided by 36?
21
Calculate the remainder when 35466 is divided by 62.
2
Calculate the remainder when 1395880 is divided by 966.
10
Calculate the remainder when 16723 is divided by 15.
13
Calculate the remainder when 10263 is divided by 2045.
38
Calculate the remainder when 2735 is divided by 24.
23
What is the remainder when 1636 is divided by 158?
56
What is the remainder when 1020187 is divided by 510087?
13
What is the remainder when 25952 is divided by 63?
59
Calculate the remainder when 210652 is divided by 11701.
34
Calculate the remainder when 9800 is divided by 120.
80
What is the remainder when 1135 is divided by 136?
47
Calculate the remainder when 100707 is divided by 11.
2
Calculate the remainder when 16755 is divided by 50.
5
What is the remainder when 25208 is divided by 8400?
8
What is the remainder when 196858 is divided by 1020?
1018
Calculate the remainder when 5203 is divided by 104.
3
Calculate the remainder when 4467 is divided by 3476.
991
What is the remainder when 494 is divided by 16?
14
Calculate the remainder when 3093 is divided by 992.
117
What is the remainder when 69924 is divided by 1271?
19
What is the remainder when 100585 is divided by 996?
985
Calculate the remainder when 295829 is divided by 64.
21
Calculate the remainder when 188892 is divided by 188877.
15
What is the remainder when 20679 is divided by 10328?
23
What is the remainder when 4211 is divided by 1788?
635
Calculate the remainder when 17290 is divided by 96.
10
Calculate the remainder when 365753 is divided by 122.
119
What is the remainder when 178143 is divided by 293?
292
What is the remainder when 307738 is divided by 1380?
1378
What is the remainder when 341979 is divided by 1449?
15
Calculate the remainder when 7944 is divided by 3888.
168
What is the remainder when 16972 is divided by 547?
15
What is the remainder when 17827 is divided by 30?
7
Calculate the remainder when 19358 is divided by 5930.
1568
What is the remainder when 12421 is divided by 685?
91
Calculate the remainder when 1943526 is divided by 57.
54
Calculate the remainder when 76080 is divided by 155.
130
What is the remainder when 2178925 is divided by 191?
188
Calculate the remainder when 107767 is divided by 19.
18
Calculate the remainder when 544 is divided by 296.
248
Calculate the remainder when 16829 is divided by 1024.
445
What is the remainder when 3487 is divided by 566?
91
Calculate the remainder when 1270 is divided by 259.
234
Calculate the remainder when 12747 is divided by 641.
568
Calculate the remainder when 231088 is divided by 46217.
3
What is the remainder when 94842 is divided by 15795?
72
What is the remainder when 22558 is divided by 594?
580
What is the remainder when 4102 is divided by 98?
84
Calculate the remainder when 5588014 is divided by 42.
40
Calculate the remainder when 67442 is divided by 4215.
2
Calculate the remainder when 253072 is divided by 25.
22
What is the remainder when 7450 is divided by 18?
16
Calculate the remainder when 343117 is divided by 13.
8
Calculate the remainder when 10871 is divided by 45.
26
What is the remainder when 101242 is divided by 16?
10
Calculate the remainder when 48036 is divided by 23839.
358
What is the remainder when 38485 is divided by 283?
280
What is the remainder when 22753273 is divided by 28?
25
Calculate the remainder when 2051 is divided by 159.
143
What is the remainder when 28412 is divided by 1015?
1007
What is the remainder when 5314 is divided by 5312?
2
Calculate the remainder when 128223 is divided by 6411.
3
What is the remainder when 43644 is divided by 49?
34
Calculate the remainder when 51571 is divided by 14.
9
Calculate the remainder when 31598 is divided by 10.
8
Calculate the remainder when 7272 is divided by 109.
78
What is the remainder when 1902 is divided by 2?
0
Calculate the remainder when 26436 is divided by 16.
4
Calculate the remainder when 14670 is divided by 104.
6
Calculate the remainder when 252280 is divided by 19.
17
Calculate the remainder when 3012 is divided by 66.
42
What is the remainder when 38463 is divided by 8?
7
What is the remainder when 2163 is divided by 2040?
123
What is the remainder when 66715 is divided by 160?
155
Calculate the remainder when 5674 is divided by 89.
67
Calculate the remainder when 2573997 is divided by 1000.
997
Calculate the remainder when 951 is divided by 365.
221
Calculate the remainder when 44491 is divided by 989.
975
Calculate the remainder when 1487 is divided by 682.
123
Calculate the remainder when 5518 is divided by 79.
67
Calculate the remainder when 156453 is divided by 106.
103
Calculate the remainder when 1921 is divided by 198.
139
Calculate the remainder when 3848 is divided by 3703.
145
What is the remainder when 223353 is divided by 155?
153
What is the remainder when 433831 is divided by 14?
13
Calculate the remainder when 12562 is divided by 6264.
34
Calculate the remainder when 27546 is divided by 302.
64
Calculate the remainder when 14239 is divided by 3500.
239
Calculate the remainder when 3877 is divided by 241.
21
Calculate the remainder when 4271 is divided by 1290.
401
Calculate the remainder when 2856 is divided by 4.
0
Calculate the remainder when 6229 is divided by 164.
161
Calculate the remainder when 2377 is divided by 473.
12
Calculate the remainder when 265 is divided by 65.
5
What is the remainder when 1314 is divided by 86?
24
Calculate the remainder when 1786986 is divided by 197.
196
What is the remainder when 166023 is divided by 938?
935
What is the remainder when 71760 is divided by 23916?
12
What is the remainder when 606 is divided by 335?
271
What is the remainder when 1225 is divided by 200?
25
What is the remainder when 1964 is divided by 215?
29
What is the remainder when 28925 is divided by 4130?
15
What is the remainder when 11197 is divided by 44?
21
Calculate the remainder when 9388 is divided by 575.
188
What is the remainder when 997 is divided by 66?
7
Calculate the remainder when 33530 is divided by 33.
2
What is the remainder when 40076 is divided by 598?
10
Calculate the remainder when 104097 is divided by 158.
133
What is the remainder when 2118 is divided by 267?
249
Calculate the remainder when 421 is divided by 56.
29
What is the remainder when 467946 is divided by 70?
66
What is the remainder when 4058399 is divided by 380?
379
Calculate the remainder when 1488 is divided by 171.
120
Calculate the remainder when 67397 is divided by 1021.
11
What is the remainder when 17793 is divided by 19?
9
What is the remainder when 35496 is divided by 100?
96
Calculate the remainder when 110954 is divided by 15.
14
Calculate the remainder when 1368 is divided by 173.
157
What is the remainder when 8732 is divided by 1688?
292
Calculate the remainder when 69662 is divided by 56.
54
Calculate the remainder when 215931 is divided by 1946.
1871
What is the remainder when 1098 is divided by 219?
3
What is the remainder when 44198 is divided by 22094?
10
Calculate the remainder when 36842 is divided by 138.
134
Calculate the remainder when 1689367 is divided by 164.
3
Calculate the remainder when 31631 is divided by 452.
443
What is the remainder when 422 is divided by 228?
194
Calculate the remainder when 556326 is divided by 14.
8
What is the remainder when 5566 is divided by 68?
58
What is the remainder when 36937 is divided by 217?
47
What is the remainder when 5488 is divided by 140?
28
What is the r